ase 10?
-260977
What is -212210200 (base 4) in base 16?
-26920
-845255 (base 15) to base 7
-104335331
-233253122 (base 6) to base 8
-20507012
Convert -282039 (base 10) to base 15.
-58879
-63735553 (base 8) to base 15
-12ddb56
What is 5130104 (base 7) in base 16?
957d4
What is -1487043 (base 9) in base 12?
-339703
What is -157987 (base 12) in base 10?
-366007
Convert 14a8a4 (base 13) to base 4.
1330101001
2bc081 (base 14) to base 7
16005221
What is 7b9a (base 15) in base 9?
40001
-784255 (base 11) to base 10
-1250111
What is 22a377 (base 11) in base 3?
200112212202
164662 (base 14) to base 9
1418646
Convert -494d9c (base 14) to base 11.
-1465367
What is -3713e (base 15) in base 16?
-2aea8
Convert 2222202010001 (base 3) to base 4.
12010000312
-33455116 (base 8) to base 7
-115320530
Convert 216c (base 15) to base 3.
100201010
-11167211 (base 8) to base 13
-669888
-2135313 (base 6) to base 2
-11001111010111101
What is -1626602 (base 12) in base 10?
-4531682
2340a8 (base 12) to base 8
2123200
What is -1034724 (base 12) in base 10?
-3056140
Convert 106038 (base 10) to base 13.
3935a
Convert 58d7ef (base 16) to base 8.
26153757
Convert a14011 (base 12) to base 13.
6a1260
Convert -11010011001010000110 (base 2) to base 12.
-358632
What is -210bb4b (base 13) in base 11?
-5745513
Convert 26503 (base 11) to base 8.
111764
Convert 401525101 (base 6) to base 14.
c92d2d
12121311 (base 4) to base 5
1314404
Convert 365341 (base 8) to base 10.
125665
What is -111011010110001110101 (base 2) in base 3?
-10122210121200
-12222001231 (base 4) to base 16
-1aa06d
What is 1202120221 (base 3) in base 9?
52527
What is -22033001 (base 4) in base 5?
-2320141
1801526 (base 10) to base 13
4b0cbc
Convert -17c822 (base 13) to base 11.
-37a013
-111000121 (base 3) to base 6
-111541
1e7a5 (base 15) to base 11
68920
What is 1271614 (base 8) in base 11?
224462
Convert -4223433 (base 5) to base 4.
-101031131
Convert 21602 (base 16) to base 7.
1106363
125191 (base 13) to base 9
740121
Convert 44531d (base 14) to base 7.
25466536
-16710612 (base 8) to base 12
-1383236
What is -2234214 (base 5) in base 13?
-1523b
Convert -2277 (base 9) to base 16.
-69a
237327 (base 9) to base 15
2c637
-2531ab4 (base 13) to base 16
-b0ffb8
Convert 15770134 (base 10) to base 8.
74121026
Convert 1220220203 (base 4) to base 15.
86ebe
5406b (base 12) to base 16
1b053
What is 16475423 (base 8) in base 5?
1440120340
300120331 (base 4) to base 7
1453600
Convert -155691 (base 12) to base 11.
-228085
11110110111100 (base 2) to base 6
201100
Convert -1423130 (base 7) to base 3.
-100200200212
Convert 323421213 (base 5) to base 10.
1388933
Convert -86676 (base 10) to base 4.
-111022110
What is -999543 (base 11) in base 15?
-2173c4
What is -433000303 (base 5) in base 12?
-74b044
What is -4ae8bc (base 15) in base 6?
-205002053
What is 20330140 (base 5) in base 4?
220321321
Convert 230121021 (base 4) to base 7.
1355061
What is -12a3424 (base 12) in base 6?
-211122444
64cd76 (base 15) to base 4
102110123232
Convert 4053a (base 14) to base 13.
55549
What is -12011222220 (base 3) in base 2?
-11000111010101001
Convert -1012220212 (base 3) to base 16.
-5dbf
Convert 7693b (base 14) to base 8.
1060731
What is 167aa13 (base 11) in base 8?
12707750
What is 10010001110001110 (base 2) in base 6?
1333314
-1042521 (base 8) to base 7
-2244001
What is 12344 (base 5) in base 11?
806
-565316 (base 7) to base 6
-2052232
756535a (base 11) to base 15
127b10b
-2200221 (base 4) to base 5
-312111
-47627 (base 10) to base 13
-188a8
106128c (base 14) to base 11
4422749
Convert 1001111000000111 (base 2) to base 7.
225642
Convert 782664 (base 9) to base 3.
212202202011
Convert 4162455 (base 8) to base 14.
20b72d
Convert 29560a1 (base 11) to base 9.
10483047
What is -2313662 (base 7) in base 8?
-1065317
What is -129895a (base 14) in base 15?
-bc429e
Convert -123230030 (base 4) to base 10.
-113420
What is -21210102222001 (base 3) in base 5?
-2030022102
-6022253 (base 7) to base 11
-446635
112102212211002 (base 3) to base 14
103a946
Convert -10195b7 (base 12) to base 10.
-3023131
What is -1540468 (base 9) in base 13?
-23b529
Convert 29adb (base 16) to base 12.
82963
13011231 (base 4) to base 12
14979
-17514a (base 12) to base 4
-1202112022
Convert 1035823 (base 9) to base 6.
15523250
What is -15b5e (base 15) in base 14?
-1b768
What is 113d1 (base 14) in base 4?
22033023
Convert -5755072 (base 8) to base 9.
-2842262
Convert 33672333 (base 8) to base 16.
6f74db
Convert -1de9e (base 16) to base 13.
-43a01
Convert -2073550 (base 10) to base 4.
-13322033032
-11101101000001010111010 (base 2) to base 7
-123005324
-118b6a (base 12) to base 8
-1054602
Convert -101010222121121 (base 3) to base 16.
-5249dd
What is -592869 (base 13) in base 7?
-24004566
63aa0 (base 13) to base 9
303542
What is ba1a6 (base 13) in base 3?
122002111222
What is -18995b (base 12) in base 9?
-727078
20ac (base 14) to base 7
22305
4172214 (base 8) to base 6
35452204
224467 (base 8) to base 4
102210313
Convert -3430a7 (base 15) to base 10.
-2490907
65aa7 (base 13) to base 14
4b198
-66488 (base 16) to base 4
-1212102020
1405401 (base 9) to base 10
771607
What is 2482451 (base 9) in base 3?
2112202111201
Convert -223441 (base 9) to base 6.
-2511144
What is -194350 (base 10) in base 2?
-101111011100101110
580784 (base 10) to base 9
1074615
Convert -73026 (base 10) to base 4.
-101311002
What is 5547a (base 16) in base 5?
42134211
Convert -465023 (base 11) to base 10.
-738730
Convert 122010101211 (base 3) to base 7.
2602525
What is 110121112122210 (base 3) in base 15?
8c60a6
-11000001100101010101 (base 2) to base 10
-792917
1021033202 (base 4) to base 12
125742
-240530540 (base 6) to base 11
-2609452
Convert 155e4 (base 15) to base 16.
10ce7
9bb3 (base 13) to base 14
7d18
What is -26b473 (base 12) in base 8?
-2345327
Convert -21457a (base 16) to base 5.
-1024233344
1110101010101011 (base 2) to base 10
60075
44332302 (base 6) to base 5
320143001
Convert -70f15d (base 16) to base 4.
-130033011131
Convert 14535222 (base 6) to base 11.
3195a6
1e1dd (base 15) to base 14
27b80
28911 (base 12) to base 7
324013
32673 (base 9) to base 16
54bd
11235230 (base 6) to base 12
148b16
-554014 (base 7) to base 11
-67217
59f3bf (base 16) to base 7
101051614
What is 24241221 (base 5) in base 14?
5cd94
What is 745522 (base 8) in base 10?
248658
Convert -1910 (base 16) to base 10.
-6416
Convert -143424320 (base 5) to base 15.
-10170a
What is -134388 (base 14) in base 2?
-10100010010010110100
What is -45364 (base 13) in base 3?
-20101120221
1221222100022 (base 3) to base 13
2a67c4
-2064016 (base 8) to base 3
-1000222201200
What is 1a26098 (base 11) in base 12?
118aa1a
Convert -22002112122101 (base 3) to base 13.
-b77c0c
What is -177807 (base 15) in base 11?
-708980
What is 2030133232 (base 5) in base 16?
3f4393
Convert -1442384 (base 10) to base 9.
-2637518
Convert -25abf3 (base 16) to base 5.
-1113000401
-25ec2 (base 15) to base 8
-355161
Convert 10403512 (base 6) to base 4.
1030021010
d2dbf (base 16) to base 5
210114204
Convert -10022010022 (base 3) to base 7.
-360263
What is 232033301 (base 5) in base 10?
1049201
-3270510 (base 9) to base 16
-1ad62a
2001101201121 (base 3) to base 4
10022031100
Convert -3312211331 (base 4) to base 16.
-f697d
What is -1000303411 (base 5) in base 3?
-10200201201000
What is -120f (base 16) in base 14?
-1983
Convert -2366621 (base 9) to base 11.
-7a7992
What is -145404 (base 6) in base 12?
-8264
What is -101a44 (base 16) in base 3?
-1222121121012
Convert 311353 (base 6) to base 11.
17850
457ab (base 12) to base 14
25b11
Convert -2771427 (base 10) to base 9.
-5183613
Convert 250662 (base 12) to base 4.
2103002222
-213132423 (base 5) to base 16
-de8fd
Convert -33332302 (base 4) to base 3.
-10022210101
-23021022 (base 4) to base 3
-2022121110
Convert 13522104 (base 6) to base 8.
1606030
Convert 4431120 (base 5) to base 2.
10010110011101011
Convert -16121156 (base 8) to base 5.
-1422232343
What is -434b70 (base 12) in base 13?
-2b434c
What is -1011001021012 (base 3) in base 16?
-95318
Convert 4d51 (base 14) to base 12.
7a4b
Convert 1211 (base 7) to base 2.
111000001
-208bc02 (base 14) to base 10
-15398938
Convert 11001100101011001011110 (base 2) to base 16.
66565e
-be03e (base 